umber?
False
Is 1384160599 a prime number?
True
Is 3906928897 composite?
False
Is 1470988999 prime?
False
Is 12313439639 composite?
False
Is 1638960329 a composite number?
False
Is 8191054207 a composite number?
True
Is 15906429017 composite?
True
Is 499133147 composite?
False
Is 17185687847 a composite number?
False
Is 667359307 a prime number?
True
Is 15389711 prime?
True
Is 48664064009 a composite number?
True
Is 4761211883 a composite number?
True
Is 336910763 prime?
False
Is 11292318517 prime?
True
Is 10062478519 composite?
True
Is 2939645699 prime?
True
Is 3135638551 a composite number?
False
Is 28485330106 prime?
False
Is 4351596719 a prime number?
False
Is 33047432099 composite?
True
Is 34045149191 a composite number?
False
Is 15079140847 prime?
False
Is 785576059 composite?
False
Is 5577534143 a prime number?
False
Is 8066049909 composite?
True
Is 63813409951 prime?
True
Is 89851703251 prime?
True
Is 1973616059 a prime number?
False
Is 163907993 composite?
False
Is 2826341267 a composite number?
False
Is 885979877 composite?
True
Is 16187986303 a composite number?
False
Is 23065209121 a prime number?
True
Is 10375697833 prime?
False
Is 2387867029 a prime number?
True
Is 2609297869 composite?
True
Is 57530324627 prime?
True
Is 101614113983 a prime number?
True
Is 14588215951 prime?
True
Is 166424492515 composite?
True
Is 28176626117 a prime number?
True
Is 584300713 composite?
True
Is 4275648499 prime?
False
Is 56815660901 composite?
False
Is 35410257199 prime?
False
Is 14717727127 prime?
True
Is 8873457529 a composite number?
False
Is 43451456143 composite?
False
Is 317681617 prime?
False
Is 27421984105 composite?
True
Is 35261363953 prime?
False
Is 1299506237 composite?
True
Is 46315573 a composite number?
True
Is 761781187 a composite number?
False
Is 4010249857 prime?
False
Is 5539628951 composite?
False
Is 549184697 a composite number?
True
Is 2132767731 prime?
False
Is 110623489 a prime number?
True
Is 186019381 a composite number?
False
Is 624111979 prime?
False
Is 7014209287 prime?
True
Is 457297979 a prime number?
False
Is 75685999 a composite number?
False
Is 15896939017 a composite number?
False
Is 75493703203 prime?
True
Is 372848279 a composite number?
False
Is 47252531527 prime?
True
Is 24830611 a prime number?
False
Is 9853628651 a composite number?
True
Is 7666901383 a prime number?
False
Is 47037506309 composite?
False
Is 53300474329 a composite number?
True
Is 62458233203 prime?
False
Is 31625991053 composite?
True
Is 3640490387 a prime number?
False
Is 2197931429 prime?
True
Is 5888814019 a composite number?
True
Is 12494453381 prime?
False
Is 115719630073 a composite number?
False
Is 45128607161 a composite number?
True
Is 49535032363 a composite number?
False
Is 1684156657 composite?
True
Is 2803442909 prime?
False
Is 13466993307 composite?
True
Is 2142528797 prime?
False
Is 16036573469 a prime number?
False
Is 1555246477 prime?
False
Is 2595061523 a prime number?
True
Is 19748985917 prime?
True
Is 232007939 a prime number?
True
Is 9455483537 a prime number?
True
Is 3893442197 prime?
False
Is 13398928309 a prime number?
False
Is 225396823 composite?
False
Is 53631334321 a prime number?
False
Is 16535716229 composite?
False
Is 212273146 composite?
True
Is 39110597 a composite number?
True
Is 476588263 a composite number?
True
Is 604079593 prime?
False
Is 5216728837 a prime number?
True
Is 6401897171 composite?
False
Is 681360583 prime?
True
Is 10001144953 prime?
True
Is 27553664153 composite?
False
Is 318488305 a prime number?
False
Is 19218252785 a composite number?
True
Is 1663769323 prime?
True
Is 41262161641 composite?
False
Is 474058087 prime?
True
Is 701252234 a prime number?
False
Is 460224097 prime?
True
Is 6148464671 prime?
True
Is 108113565319 composite?
True
Is 19618401503 composite?
False
Is 493196255 composite?
True
Is 2901312419 a composite number?
False
Is 220321053523 composite?
True
Is 1552431163 a prime number?
False
Is 11916471953 a composite number?
False
Is 2040199 a composite number?
True
Is 375190411 prime?
True
Is 11221562021 a prime number?
True
Is 9317485439 a prime number?
True
Is 178576373 a prime number?
False
Is 2258141063 composite?
False
Is 61427277955 composite?
True
Is 333177583 a prime number?
False
Is 856935437 composite?
True
Is 29594264771 a composite number?
False
Is 2739994519 a prime number?
True
Is 597492653 a prime number?
False
Is 52966127 a prime number?
True
Is 1460407087 a composite number?
False
Is 652138967 a prime number?
True
Is 472661842 composite?
True
Is 1188516013 composite?
False
Is 2799462241 a composite number?
False
Is 31502969 a prime number?
False
Is 5356069 a prime number?
False
Is 6636861467 a prime number?
True
Is 37999719763 prime?
True
Is 1276790498 a prime number?
False
Is 9208704229 a prime number?
True
Is 67203940259 composite?
False
Is 1402313093 composite?
True
Is 1793028295 a prime number?
False
Is 2274588643 composite?
True
Is 59376070007 prime?
False
Is 77650520609 composite?
True
Is 145191887 prime?
True
Is 54308283 a prime number?
False
Is 3570384487 prime?
False
Is 3082283707 composite?
False
Is 2591296699 a prime number?
False
Is 1815945211 prime?
True
Is 12099350521 composite?
False
Is 760352513 a prime number?
False
Is 9397462973 a prime number?
True
Is 1362586229 a prime number?
True
Is 286686137 prime?
True
Is 7831035367 composite?
True
Is 101504796427 composite?
False
Is 10480534487 a prime number?
True
Is 14724508393 prime?
False
Is 36962656459 a composite number?
True
Is 425332819 a prime number?
False
Is 1219196113 a prime number?
False
Is 69746045887 a composite number?
True
Is 18024618239 a prime number?
False
Is 4223109433 prime?
False
Is 16201434277 a composite number?
True
Is 130802952809 composite?
False
Is 603387626 prime?
False
Is 915388013 a composite number?
False
Is 1167265129 a prime number?
True
Is 21632785813 prime?
False
Is 17177920549 a prime number?
True
Is 862507273 composite?
False
Is 4698717349 a composite number?
False
Is 147767649101 prime?
False
Is 525573820067 a composite number?
False
Is 1818925441 prime?
True
Is 1532837953 a prime number?
True
Is 94462817081 prime?
True
Is 41701489273 prime?
True
Is 245288986499 a composite number?
False
Is 24012062327 a prime number?
False
Is 664535957 prime?
False
Is 3844650911 composite?
True
Is 276346547 a prime number?
True
Is 1066318937 a prime number?
True
Is 133781282 a prime number?
False
Is 3392748421 a composite number?
True
Is 22076331157 a composite number?
True
Is 1570975409 prime?
True
Is 8512843441 composite?
False
Is 55796395141 prime?
True
Is 4000531413 prime?
False
Is 7745943911 a composite number?
False
Is 40785213419 composite?
True
Is 640169207 a prime number?
True
Is 5011126061 prime?
True
Is 8347350451 composite?
True
Is 1202637727 a prime number?
True
Is 55869500321 a composite number?
True
Is 25482799271 composite?
False
Is 12628944521 composite?
False
Is 434644699 a prime number?
True
Is 126816827 a composite number?
True
Is 1745132329 a composite number?
True
Is 505710971 composite?
False
Is 58116233573 composite?
False
Is 3860319577 a prime number?
True
Is 54329062091 composite?
True
Is 4611407693 a prime number?
True
Is 2398882909 a composite number?
True
Is 79900039 a composite number?
True
Is 2375913487 composite?
True
Is 500723611 prime?
False
Is 1697477939 a composite number?
True
Is 64099043 prime?
True
Is 2264157193 a prime number?
True
Is 6876170663 composite?
False
Is 516080545 a composite number?
True
Is 387275401 a composite number?
True
Is 17654495437 a prime number?
True
Is 27880871143 a composite number?
True
Is 54088078721 composite?
False
Is 127820261 composite?
True
Is 12725846473 prime?
True
Is 193222543 a composite number?
False
Is 9056342509 prime?
False
Is 1176199 prime?
False
Is 4152244483 a composite number?
True
Is 62925830027 a composite number?
False
Is 722760659 prime?
True
Is 14496700961 a prime number?
True
Is 39191891 a prime number?
True
Is 228661163 prime?
True
Is 681452383 prime?
False
Is 877335017 a composite number?
True
Is 50624958661 composite?
False
Is 59564350499 a composite number?
True
Is 3179761863 a prime number?
False
Is 2851909369 prime?
True
Is 542213699 composite?
False
Is 373115173 prime?
Fal